 the remainder when 3574063 is divided by 59?
20
Calculate the remainder when 5417702 is divided by 562.
22
What is the remainder when 7290049 is divided by 24796?
25
What is the remainder when 5366350 is divided by 1489?
1483
Calculate the remainder when 52349348 is divided by 395.
393
Calculate the remainder when 232256 is divided by 1990.
1416
Calculate the remainder when 19088048 is divided by 3181328.
80
Calculate the remainder when 589862 is divided by 7841.
1787
Calculate the remainder when 3786515 is divided by 798.
5
What is the remainder when 117448346 is divided by 39149442?
20
Calculate the remainder when 715861 is divided by 157.
98
What is the remainder when 88191 is divided by 4199?
12
What is the remainder when 1154423 is divided by 8551?
38
What is the remainder when 17907863 is divided by 34?
29
Calculate the remainder when 108791586 is divided by 15541655.
1
Calculate the remainder when 30731050 is divided by 90.
10
What is the remainder when 53792971 is divided by 3?
1
Calculate the remainder when 2353376 is divided by 1450.
26
What is the remainder when 26000875 is divided by 8666955?
10
Calculate the remainder when 134552 is divided by 3632.
168
What is the remainder when 1851497 is divided by 25?
22
Calculate the remainder when 8990 is divided by 4401.
188
Calculate the remainder when 100873693 is divided by 97.
95
Calculate the remainder when 206061 is divided by 486.
483
What is the remainder when 3906102 is divided by 1953043?
16
Calculate the remainder when 110659 is divided by 55210.
239
Calculate the remainder when 7201278 is divided by 342918.
0
Calculate the remainder when 8208464 is divided by 154.
110
Calculate the remainder when 2301554 is divided by 326.
320
What is the remainder when 17373 is divided by 2473?
62
Calculate the remainder when 644447 is divided by 49480.
1207
Calculate the remainder when 100191 is divided by 179.
130
Calculate the remainder when 864351 is divided by 100.
51
Calculate the remainder when 72543 is divided by 24146.
105
Calculate the remainder when 830182 is divided by 2256.
2230
What is the remainder when 760277 is divided by 273?
245
What is the remainder when 23318353 is divided by 34?
31
What is the remainder when 8555004 is divided by 5662?
5384
What is the remainder when 6210306 is divided by 12?
6
What is the remainder when 28906145 is divided by 23?
21
Calculate the remainder when 14779160 is divided by 18.
8
Calculate the remainder when 218182408 is divided by 135.
133
Calculate the remainder when 253214 is divided by 84249.
467
Calculate the remainder when 1196686 is divided by 53.
52
Calculate the remainder when 237981 is divided by 140.
121
What is the remainder when 5668971 is divided by 3867?
3816
Calculate the remainder when 476671 is divided by 2965.
2271
What is the remainder when 120680 is divided by 37546?
8042
What is the remainder when 3745370 is divided by 91?
83
What is the remainder when 14625 is divided by 14373?
252
Calculate the remainder when 699329 is divided by 348125.
3079
Calculate the remainder when 7323920 is divided by 7049.
9
Calculate the remainder when 2441369 is divided by 11.
7
Calculate the remainder when 124718 is divided by 2771.
23
Calculate the remainder when 186925 is divided by 4.
1
What is the remainder when 161309693 is divided by 3853?
3848
Calculate the remainder when 2479696 is divided by 5834.
246
Calculate the remainder when 4798085 is divided by 55.
50
Calculate the remainder when 12268 is divided by 1947.
586
Calculate the remainder when 5288206 is divided by 211514.
356
Calculate the remainder when 34237062 is divided by 30872.
14
Calculate the remainder when 185279 is divided by 758.
327
Calculate the remainder when 41111 is divided by 15790.
9531
What is the remainder when 1013860 is divided by 37535?
415
Calculate the remainder when 48381672 is divided by 3781.
3777
What is the remainder when 484425 is divided by 8352?
9
Calculate the remainder when 1655557 is divided by 68977.
109
Calculate the remainder when 32683867 is divided by 7571.
7431
Calculate the remainder when 382163288 is divided by 8287.
8283
What is the remainder when 79264 is divided by 79246?
18
What is the remainder when 7927295 is divided by 616?
607
What is the remainder when 16154149 is divided by 23?
7
What is the remainder when 36767 is divided by 7402?
7159
What is the remainder when 22154644 is divided by 29858?
8
What is the remainder when 1069967 is divided by 356224?
1295
What is the remainder when 3028925 is divided by 378?
11
Calculate the remainder when 189734 is divided by 3268.
190
What is the remainder when 177674462 is divided by 484?
482
Calculate the remainder when 689851 is divided by 53041.
318
What is the remainder when 289886321 is divided by 79?
8
Calculate the remainder when 8950636 is divided by 2237610.
196
Calculate the remainder when 24517458 is divided by 666.
0
Calculate the remainder when 82006217 is divided by 37.
9
What is the remainder when 3499739 is divided by 1166574?
17
What is the remainder when 74874 is divided by 24750?
624
What is the remainder when 247100 is divided by 382?
328
Calculate the remainder when 1123879 is divided by 3614.
3539
What is the remainder when 5385 is divided by 2250?
885
Calculate the remainder when 1579773 is divided by 1512.
1245
Calculate the remainder when 33702 is divided by 2926.
1516
Calculate the remainder when 973898545 is divided by 179.
178
What is the remainder when 910168 is divided by 2494?
2352
What is the remainder when 36574 is divided by 18022?
530
Calculate the remainder when 5414389 is divided by 2754.
25
What is the remainder when 258308 is divided by 254801?
3507
Calculate the remainder when 1707797 is divided by 2419.
2402
What is the remainder when 42284775 is divided by 41?
40
Calculate the remainder when 10317775 is divided by 47113.
28
What is the remainder when 115779 is divided by 19296?
3
Calculate the remainder when 770957 is divided by 18356.
5
What is the remainder when 540122 is divided by 341?
319
What is the remainder when 7023995 is divided by 1755992?
27
Calculate the remainder when 266008 is divided by 16611.
232
What is the remainder when 29794658 is divided by 9931515?
113
Calculate the remainder when 1618626 is divided by 6948.
6690
Calculate the remainder when 9176313 is divided by 80.
73
What is the remainder when 351942 is divided by 3382?
214
Calculate the remainder when 141828 is divided by 478.
340
Calculate the remainder when 9126284 is divided by 26842.
4
Calculate the remainder when 15167 is divided by 722.
5
Calculate the remainder when 14538213 is divided by 1678.
21
Calculate the remainder when 527089 is divided by 98.
45
What is the remainder when 34035363 is divided by 85?
3
Calculate the remainder when 16177573 is divided by 12265.
38
Calculate the remainder when 1571176 is divided by 901.
733
Calculate the remainder when 920059 is divided by 1811.
71
Calculate the remainder when 14440 is divided by 1783.
176
What is the remainder when 613929 is divided by 3633?
3585
What is the remainder when 3122484 is divided by 780605?
64
Calculate the remainder when 27363769 is divided by 27.
25
What is the remainder when 36371367 is divided by 74?
71
What is the remainder when 50302 is divided by 343?
224
Calculate the remainder when 5792775 is divided by 259.
240
What is the remainder when 73205 is divided by 73176?
29
What is the remainder when 5252865 is divided by 344?
329
Calculate the remainder when 6105827 is divided by 247.
234
What is the remainder when 745336 is divided by 685?
56
What is the remainder when 35263 is divided by 34237?
1026
What is the remainder when 958285 is divided by 29946?
13
What is the remainder when 154402 is divided by 1255?
37
Calculate the remainder when 61857 is divided by 8676.
1125
What is the remainder when 22776711 is divided by 2913?
2877
Calculate the remainder when 3705294 is divided by 349.
310
Calculate the remainder when 415644 is divided by 3642.
456
Calculate the remainder when 6701 is divided by 253.
123
What is the remainder when 160407 is divided by 280?
247
Calculate the remainder when 298733 is divided by 99569.
26
What is the remainder when 3631336 is divided by 3631322?
14
Calculate t